-- http://www.phpmyadmin.net
--




--
-- Database: `18809`
--

-- --------------------------------------------------------

--
-- Table structure for table `anggota`
--

CREATE TABLE `anggota` (
  `id_ang` int(4) NOT NULL auto_increment,
  `no_kta` varchar(6) default NULL,
  `nama` varchar(40) NOT NULL default '',
  `t_lahir` varchar(20) NOT NULL default '',
  `tgl_lahir` date NOT NULL default '0000-00-00',
  `sex` enum('L','P') default NULL,
  `alamat` text NOT NULL,
  `no_telp` varchar(16) default NULL,
  `email` varchar(20) NOT NULL default '',
  `kampus` varchar(255) default NULL,
  `id_kom` int(3) default NULL,
  PRIMARY KEY  (`id_ang`),
  UNIQUE KEY `no_kta` (`no_kta`)
) ENGINE=MyISAM  DEFAULT CHARSET=latin1 AUTO_INCREMENT=6 ;

--
-- Dumping data for table `anggota`
--

INSERT INTO `anggota` VALUES(1, '1', 'Adi Sucipto', 'Pekalongan', '1980-03-29', 'L', 'Bojonglor RT 05/II Bojong Pekalongan 51156                       ', '085647092383', 'acep_dw@yahoo.com', 'Universitas Muhammadiyah Surakarta', 1);
INSERT INTO `anggota` VALUES(2, '2', 'Edi Faisol', 'Jepara', '1979-00-00', 'L', 'Jl. singosari no 33 semarang     ', '', 'joyo@yahoo.com', 'IAIN Walisongo', 30);
INSERT INTO `anggota` VALUES(3, '3', 'Sriyono', 'sukoharjo', '1981-00-00', 'L', 'griyapena nilasari ', '', '', 'Universitas Muhammadiyah Surakarta', 9);
INSERT INTO `anggota` VALUES(4, '4', 'Sunanto', 'Sumenep', '0000-00-00', 'L', 'Pondok hajjah nuriyah Shabran', '', 'anantku@yahoo.com', 'Universitas Muhammadiyah Surakarta', 14);
INSERT INTO `anggota` VALUES(5, '5', 'Beny alchoiri', 'Boyolali', '0000-00-00', 'L', 'Griyapena Nilasari ', '081226', 'freudis@yahoo.com', 'Universitas Muhammadiyah Surakarta', 2);

-- --------------------------------------------------------

--
-- Table structure for table `berita`
--

CREATE TABLE `berita` (
  `bid` int(11) NOT NULL auto_increment,
  `tglkirim` varchar(10) NOT NULL default '',
  `pukulkirim` varchar(8) NOT NULL default '',
  `judul` varchar(255) default NULL,
  `isiberita` text,
  PRIMARY KEY  (`bid`)
) ENGINE=MyISAM  DEFAULT CHARSET=latin1 AUTO_INCREMENT=4 ;

--
-- Dumping data for table `berita`
--

INSERT INTO `berita` VALUES(1, '25/06/2005', '10:10:16', 'Idealisme berbandrol iklan', '<p>\\"...di Indonesia ini hanya ada dua pilihan menjadi IDEALIS atau APATIS...\\" adalah sekelumit kata yang dapat kita sitir dari intelekual muda indonesia angkatan \\''66, Gie. Dan itulah yang sekiranya dapat kita renungkan kembali dalam era sekarang ini, suatu jaman dimana idealisme adalah suatu yang tak lagi dapat kita pertahankan dalam mode pasar ini. Ketika segala sesuatu dihargai dengan sebatas materi dan tak terkecuali idealisme itu sendiri yang akhirnya digadaikan dalam mekanisme pasar. Demikian juga dengan GIE yang selama ini kita kenal adalah seorang tokoh idealis indonesia dan tak lama lagi akan menjadi tokoh populer mungkin sekelas dengan CHE lewat kaos dan segala merchandise yang ada. GIE yang idealis harus rela dijual kepada para pemodal yang sebenarnya menjadi musuh baginya. \r\n<img src=\\"image/soehokgie.jpg\\" align=\\"left\\" Hspace=\\"0\\" Vspace=\\"0\\"> Demikianlah moda pasar telah begitu merasuk dalam relung-relung pikir dan juga ruang idealisme itu sendiri. Mungkin ini adalah sebuah subjektifitasku sebagai seorang yang pernah membaca GIE dan aku tak mengerti mengapa pasar begitu memaksa untuk menguasai ikon GIE dengan bandrol iklan yang begitu besar dari poster hingga pencetakan ulang bukunya ?Catatan Seorang Demonstran?. Semakin tak terasa bahwa kita adalah agen dari mode neoliberalisme yang menjadi corong iklan yang tidak dibayar. Terpaksa atau tidak seorang yang pernah memuja GIE akan termakan iklan lewat poster maupun cover bukunya.... \r\n<p>Seorang demonstran yang sering menyuarakan anti neoliberalisme akan cukup tercengang dengan keberhasilan pemodal membandrol ikon seorang tokoh pergerakan yang banyak digadang dan dijadikan tokoh panutan. Terpaksa deh kita pakai kaos dengan bandrol iklan, menonton film dengan iklan....\r\n<p>jadi memang betul adanya bahwa kekuasaan adalah merembes demikian juga dengan kapitalisme neoliberal yang merembes melalui ruang-ruang yang tidak pernah kita bayangkan. Popularitas dibuat dengan semangat untuk menguasai pasar seluruhnya. Bukan sekadar menguasai tetapi mengontrol betul apa yang ada dan sekaligus memonopoli pemasarannya...\r\n<p>Jika seorang presiden perancis pernah mengatakan bahwa dia hanya perlu TV dan TV untuk menaklukan rakyatnya dan itu sekarang benar adanya. Bahwa seorang kapitalis hany abutuh iklan, iklan dan iklan tak lebih dari itu. Dan terbukti dengan ikon perlawanan seperti CHE telah menjadi sebuah alat pemasaran yang mudah dan tidak begitu mahal dan menjadikan CHE adalah sesosok bintang iklan dan bintang tenar yang tidak pernah kita ketahui apa yang pernah diperjuangkannya. Demikian pula dengan GIE tak banyak orang yang cukup untuk mengenalnya selain sosok ganteng Nicholas Saputra yang menjadi second man dari GIE. Dan nilai juang itu hanya akan terlihat dari semangatnya yang tak putus di Gede Pangrango atau mungkin kematiannya yang tragis di Semeru, tak lebih dari itu...\r\n<p>Semangat GIE dalam memerangi ketidakadilan baik itu dalam perilaku sosial maupun dalam pembedaan ras seolah tidak lagi diungkap sebagai nilai juang dari sosok muda ini. Demikian juga dengan keprihatinannya kepada penjual beras dan perempuan didalam kereta juga dengan nasib tahanan politik \\"komunis\\" hilang sudah. Ketika GIE memaparkan pembantaian jutaan rakyat \\"PKI\\" di jawa dan bali tak terungkap secara gamblang. Demikian GIE  <i>\\"...bidang seorang sarjana adalah berpikir dan mencipta yang baru, mereka harus bebas disegala arus yang kacau\\"</i> dan dialah yang menjadi saksi atas kekejaman itu. Dan pemihakannya pada kaum \\"kiri\\" dibukukannya dalam \\"Lentera Merah\\" dan \\"Orang-orang di persimpangan kiri jalan\\" dan seorang pejuang adalah mereka yang tidak mengharap apapun kecuali sebuah kemenangan bagi yang diperjuangkan......');
INSERT INTO `berita` VALUES(2, '01/07/2005', '23:42:06', 'Pendidikan <i>a la</i> Pasar', '<p><i>The happy selected people</i> kata GIE pada saat di diterima di UI waktu itu. Dia merasa menjadi bagian orang yang begitu beruntung bisa mengenyam bangku perkuliahan. Tetapi sekarang menjadi sangat lain dan lebih menjadi berbalik, mengenyam pendidikan adalah bukan sebuah keberuntungan tetapi menjadi sebuah kerugiaan, karena mereka adalah orang yang harus membayar mahal  untuk itu. Dan tidak lagi begitu beruntung karena semua orang bersaing untuk itu dengan berani membayar mahal harga pendidikan tersebut.   \r\n<p>Tetapi adakah pembenaran bahwa pendidikan itu harus dibayar mahal? Bukankah itu sebuah jerat dari kapitalisme neoliberal yang telah masuk dalam relung-relung keIndonesiaan. Dari jaman kolonial Belanda hingga sekarang pendidikan adalah sebuah alat untuk memilah masyarakat, dari kelas priyayi maupun kelas biasa, mereka yang mengenyam pendidikan adalah mereka akan berpindah status atau ingin meningkatkan status sosial mereka. Dari sini kita telah mendapatkan bahwa pendidikan adalah alat stratifikasi sosial bukan menjadi sebuah alat untuk mendidik dan mengembangkan kemampuan nalar dari peserta didik. \r\n<p>Sekolah adalah untuk menjadikan kita mudah diterima kerja bukan untuk meningkatkan pengetahuan. Ini tercermin dari promosi sekolah-sekolah yang sering kita lihat di koran maupun leaflet di jalan-jalan.  Seolah materi telah menjadi sebuah tujuan akhir dari menuntut ilmu. Sehinga sekolah yang pada awalnya adalah untuk mengisi waktu luang telah menjadi ruang-ruang yang rigid dan tak lagi mempunyai ruang untuk belajar. Sekolah telah terjejali oleh kurikulum tidak lagi untuk mendidik1. Sehingga programnya telah menjadi menyekolahkan masyrakat bukan mendidik masyarakat.<br> \r\n<h5>Kompetisi Kompetensi.<h5>\r\n<p>Dengan adanya aturan tentang kompetensi dalam kurikulum maka semua sekolah berlomba untuk menjadikan sekolahnya berkompetensi dan pembiayaan menjadi membengkak dan dibebankan pada peserta didik. Dan kompetensi sekolah telah mengesampingkan kompetensi peserta didik dan inilah yang sering dipaksakan. Untuk mengejar kompetensi sekolah maka siswa dipaksa untuk menurut pada moda yang ada dan tunduk seluruhnya pada sistem yang ada.     \r\n<p>Demikian sekolah dibangun atas pondasi kompetisi dan tidak lagi mengedepankan arah pendidikan. Dan kita semua menjadi saksi bahwa pendidikan menjadi komoditas yang laik jual. Dan jadilah pasar memasukkan lembaga pendidikan menjadi sesuatu yang dapat di liberalkan dan diatur oleh pasar. Karena bangunan lembaga pendidikan telah memasuki ruang kompetisi yang dibangun oleh pasar negara-negara maju. Dan mulailah negara kita kegerahan padahal kebijakan untuk privatisasi lembaga pendidikan telah diambil. \r\n<p>Pendidikan pra sekolah hingga perguruan tinggi telah memasuki tahapan seperti ini. Kurikulum adalah kurikulum pasar dalam hal ini kurikulum dibuat sesuai dengan standar pasar dan sebagai pemenuhan tenaga kerja di pasar. Dan pola ini mengembalikan kita pada pola pendidikan jaman politik etis Belanda dimana pendidikan kaum pribumi diarahkan kepada pemenuhan tenaga kerja pribumi yang murah. Dan tujuan pendidikan dikesampingkan, hanya karena untuk memenuhi pasar sebagai tempat berkompetisi dalam penyerapan produk pendidikan yang akan menangguk keuntungan materi maka pendidikanpun mempunyai standar harga yang harus dibayar untuk dapat diterima dipasar. \r\nDan pemerintah mulai lepas tangan dengan pembiayaan pendidikan karena pendidikan adalah ruang privat yang harus dipenuhi oleh individu untuk meningkatkan dirinya sendiri dalam hal ini sejalan dengan <b>N Ach</b> (<i>need for achievement</i>) bukan kepentingan negara lagi untuk menanggung kepentingan yang udah sifatnya individualistik. Dan hal inilah yang sejalan dengan anjuran kapitalime neoliberal yang memprivatisasi rakyat dan kalau boleh dikatakan adalah menswastakan rakyat.  Sehingga wajar jika kebijakan BHMN dijalankan dan RUU BHP digodok dan selanjutnya dilaksanakan sebagai bentuk pemenuhan atas pra syarat pencairan utang luar negeri dari lembaga donor yang ada. \r\n<p>Dengan adanya kompetisi lembaga pendidikan ini maka pasar semakin leluasa untuk mengarahkan pendidikan ini. Sehingga gengsipun dipertaruhkan dan lembaga pendidikan profit dan mahal menjadi gengsi tersendiri dari penyelenggara pendidikan dan juga peserta didik. Dan lebih lagi pendidikan swasta semakin berorientasi pasar dan menyerahkan dirinya secara total dengan kebijakan pasar. Dan tak urung lembaga pendidikan muhammadiyah. \r\n<br><h5>Berpihak pada rakyat.</h5>\r\n<p>Akhirnya muncul pertanyaan ini, mungkinkah ada pendidikan untuk rakyat? Pendidikan yang diselenggarakan oleh negara untuk mencerdaskan rakyatnya. Darimanakah anggaran pendidikan negara ini, dari banyak kasus yang terjadi dana pendidikan belumlah tersalurkan dengan benar untuk rakyat walaupun untuk dana subsidi dampak kenaikan BBM akan diberikan pada bulan-bulan ini tetapi itu masih belum cukup untuk pendidikan anak negeri ini. Seperti halnya kenaikan harga BBM adalah sebuah pukulan bagi rakyat demikian juga anggaran pendidikan adalah suatu yang jauh untuk dapat menjangkau anggaran pendidikan yang dipatok oleh lembaga pendidikan ?kompetensi?. \r\n<p>Demikianlah jalinan yang berkelindan dan tak putus dari rantai pasar pendidikan ini. Pendidikan telah menjadi sesuatu yang diselenggarakan atas dasar kemauan pasar semata. Tidak adalagi pemihakan terhadap hak-hak rakyat untuk mendapatkan pendidikan. Kebodohan yang seiring dengan kemiskinan menjadi ruang privat yang harus diusahakan sendiri oleh rakyat. Sehingga antara <i>the have</i> dan <i>the have not</i> di samakan haknya dalam meraih pendidikan. Dan terpaksa si miskin dan bodoh ini menerima kemiskinan dan kebodohan sebagai takdir yang tak akan berubah karena melihat dunia yang serba materi dan hanya dimiliki oleh orang kaya. \r\n<p>Dan akhirnya kita semua dipertanyakan tentang keberagamaan kita oleh surat Al Maun. Pendustakah kita atau beragamakah kita, ketika kita melihat kemiskinan kefakiran dan mereka yang yatim dihardik dan tidak diberikan hak-haknya. Mereka yang secara  materi maupun imateri tidak dapat mengusahakan untuk dirinya sendiri, mereka yang terbelenggu dalam kemiskinananya, kebodohannya. Dan inilah tugas kita untuk \\"memberikan suara pada mereka yang bisu\\", menjadi pembebas.<br>\r\noleh : Adi Sucipto<br>Pamflet provokasi ini disampaikan dalam studium general  PW IRM jawa tengah di Solo 29 juni 2005. ');
INSERT INTO `berita` VALUES(3, '17/12/2005', '22:13:03', 'Sejarah IMM', 'Ikatan Mahasiswa Muhammadiyah (IMM) didirikan di Yogyakarta pada tangal 14 Maret 1964 M, bertepatan dengan tanggal 29 Syawwal 1384 H. Dibandingkan dengan organisasi otonom lainya diMuhammadiyah, IMM paling belakangan dibentuknya. Organisasi otonom lainnya seperti Nasyiatul `Aisyiyah (NA) didirikan pada tanggal 16 Mei 1931 M (28 Dzulhijjah 1349 H); Pemuda Muhammadiyah dibentuk pada tanggal 2 Mei 1932 M (25 Dzulhijjah 1350 H); dan Ikatan Pelajar Muhammadiyah (IPM, yang namanya diganti menjadi Ikatan Remaja Muhammadiyah [IRM]) didirikan pada tanggal 18 Juli 1961 M (5 Shaffar 1381 H).<p>Kelahiran IMM dan keberadaannya hingga sekarang cukup sarat dengan sejarah yang melatarbelakangi, mewarnai, dan sekaligus dijalaninya. Dalam konteks kehidupan umat dan bangsa, dinamika gerakan Muhammadiyah dan organisasi otonomnya, serta kehidupan organisasi-organisasi mahasiswa yang sudah ada, bisa dikatakan IMM memiliki sejarahnya sendiri yang unik. Hal ini karena sejarah kelahiran IMM tidak luput dari beragam penilaian dan pengakuan yang berbeda dan tidak jarang ada yang menyudutkannya dari pihak-pihak tertentu. Pandangan yang tidak apresiatif terhadap IMM ini berkaitan dengan aktivitas dan keterlibatan IMM dalam pergolakan sejarah bangsa Indonesia pada pertengahan tahun ''60-an; serta menyangkut keberadaan Himpunan Mahasiswa Islam (HMI) pada waktu itu.<p>\r\nKetika IMM dibentuk secara resmi, itu bertepatan dengan masa-masanya HMI yang sedang gencar dirusuhi oleh PKI dan CGMI serta terancam mau dibubarkan oleh rezim kekuasaan Soekarno. Sehingga kemudian muncul anggapan dan persepsi yang keliru bahwa IMM didirikan adalah untuk menampung dan mewadahi anggota HMI jika dibubarkan. Logikanya dalam mispersepsi ini, karena HMI tidak jadi dibubarkan, maka IMM tidak perlu didirikan.\r\nAnggapan dan klaim yang mengatakan bahwa IMM lahir karena HMI akan dibubarkan, menurut Noor Chozin Agham, adalah keliru dan kurang cerdas dalam memberi interpretasi terhadap fakta dan data sejarah. Justru sebaliknya, salah satu faktor historis kelahiran IMM adalah untuk membantu eksistensi HMI dan turut mempertahankannya dari rongrongan PKI yang menginginkannya untuk dibubarkan.\r\n<p>Penilaian yang kurang apresiatif terhadap kelahiran IMM juga bisa terbaca pada jawaban terhadap pertanyaan Victor I. Tanja. Dalam bukunya Tanja mempertanyakan: Barangkali kita akan heran, mengapa Muhammadiyah memandang perlu untuk membentuk organisasi mahasiswanya sendiri? Dari salah seorang anggota HMI (yang tidak disebutkan atau menyebutkan namanya) keluar jawaban, bahwa selama masa pemerintahan Presiden Soekarno dahulu untuk mendapatkan persetujuan darinya, sebuah organisasi harus dapat membuktikan bahwa ia mempuanyai dukungan kuat dari masyarakat luas. Untuk memenuhi persayaratan inilah maka bukan saja Muhammadiyah, tetapi semua gerakan sosial politik yang ada di tanah air harus membentuk sebanyak mungkin organisasi-organisasi penunjang.\r\n<p>\r\nLatar Belakang Sejarah<br>\r\nSesungguhnya ada dua faktor integral yang menjadi dasar dan latar belakang sejarah berdirinya IMM, yaitu faktor intern dan faktor ekstern. Yang dimaksud dengan faktor intern adalah faktor yang terdapat dan ada dalam organisasi Muhmmadiyah itu sendiri. Sedangkan faktor ekstern adalah hal-hal dan keadaan yang datang dari dan berada di luar Muhammadiyah, yaitu situasi dan kondisi kehidupan umat dan bangsa serta dinamika gerakan organisasi-organisasi mahasiswa.\r\n<p>Faktor intern sebetulnya lebih dominan dalam bentuk motivasi idealis dari dalam, yaitu dorongan untuk mengembangkan ideologi, paham, dan cita-cita Muhammadiyah. Untuk mewujudkan cita-cita dan merefleksikan ideologinya itu, maka Muhammadiyah mesti bersinggungan dan berinteraksi dengan berbagai lapisan dan golongan masyarakat yang majemuk. Ada masyarakat petani, pedagang, birokrat, intelektual, profesional, mahasiswa. dan sbagainya.\r\n<p>Interaksi dan persinggungan Muhammadiyah dengan mahasiswa untuk merealisasikan maksud dan tujuannya itu, cara dan strateginya bukan secara langsung terjun mendakwahi dan mempengaruhinya di kampus-kampus perguruan tinggi. Tetapi caranya adalah dengan menyediakan dan membentuk wadah khusus yang bisa menarik animo dan mengembangkan potensi mahasiswa. \r\nAnggapan mengenai pentingnya wadah bagi mahasiswa tersebut lahir pada saat Muktamar ke-25 Muhammadiyah (Kongres Seperempat Abad Kelahiran Muhammdiyah) pada tahun 1936 di Jakarta. Pada kesempatan itu dicetuskan pula cita-cita besar Muhammadiyah untuk mendidirkan universitas atau perguruan tinggi Muhammadiyah.\r\n<p>Namun demikian, keinginan untuk menghimpun dan membina mahasiswa-mahasiswa Muhammadiyah tersebut tidak bisa langsung terwujud, karena pada saat itu Muhammadiyah belum memiliki perguruan tinggi sendiri. Untuk menjembataninya, maka para mahasiswa yang sepaham, atau mempunyai alam pikiran yang sama, dengan Muhammadiyah itu diwadahi dalam organisasi otonom yang telah ada seperti NA dan Pemuda Muhammadiyah, serta tidak sedikit pula yang berkecimpung di HMI.\r\nPada tanggal 18 November 1955, Muhammadiyah baru bisa mewujudkan cita-citanya untuk mendirikan perguruan tinggi yang sejak lama telah dicetuskannya pada tahun 1936, yaitu dengan berdirinya Fakultas Hukum dan Filsafat di Padang Panjang. Pada tahun 1958, fakultas serupa dibangun di Surakarta; kemudian di Yogyakarta berdiri Akademi Tabligh Muhammadiyah; dan Fakultas Ilmu Sosial di Jakarta, yang kemudian berkembang menjadi Universitas Muhammadiyah Jakarta. Kendati demikian, cita-cita untuk membentuk organisasi bagi mahasiswa muhammadiyah tersebut belum bisa terbentuk juga pada waktu itu. Kendala utamanya karena Muhammadiyah --yang waktu itu masih menjadi anggota istimewa Masyumi-- terikat Ikrar Abadi umat Islam yang dicetuskan pada tanggal 25 Desember 1949, yang salah satu isinya menyatakan satu-satunya organisasi mahasiswa Islam adalah HMI. \r\n<p>Sejak kegiatan pendidikan tinggi atau perguruan tinggi Muhammadiyah berkembang pada tahun 1960-an itulah kembali santer ide tentang perlunya organisasi yang khusus mewadahi dan menangani mahasiswa. Sementara itu, menjelang Muktamar Muhammadiyah Setengah Abad di Jakarta pada tahun 1962, mahasiswa-mahasiswa perguruan tinggi Muhammadiyah mengadakan Kongres Mahasiswa Muhammadiyah di Yogyakarta. Dari kongres ini pula upaya untuk membentuk organisasi khusus bagi mahasiswa Muhammadiyah kembali mengemuka. Pada tanggal 15 Desember 1963 mulai diadakan penjajagan berdirinya Lembaga Dakwah Mahasiswa yang idenya berasal dari Drs. Mohammad Djazman, dan kemudian dikoordinir oleh Ir. Margono, dr. Soedibjo Markoes, dan Drs. A. Rosyad Sholeh.\r\n<p>Dorongan untuk segera membentuk wadah bagi mahasiswa Muhammadiyah juga datang dari para mahasiswa Muhammadiyah yang ada di Jakarta seperti Nurwijoyo Sarjono, M.Z. Suherman, M. Yasin, Sutrisno Muhdam dan yang lainnya. Dengan banyaknya desakan dan dorongan tersebut, maka PP Pemuda Muhammadiyah -- waktu itu M. Fachrurrazi sebagai Ketua Umum dan M. Djazman Al Kindi sebagai Sekretaris Umum-- mengusulkan kepada PP Muhammadiyah --yang waktu itu diketuai oleh K.H. Ahmad Badawi-- untuk mendirikan organisasi khusus bagi mahasiswa yang diiberi nama Ikatan Mahasiswa Muhammadiyah --atas usul Drs. Mohammad Djazman yang--, dan kemudian disetujui oleh PP Muhammadiyah serta diresmikan pada tanggal 14 Maret 1964 (29 Syawwal 1384). \r\nPeresmian berdirinya IMM itu resepsinya diadakan di gedung Dinoto Yogyakarta; dan ditandai dengan penandatanganan "Enam Penegasan IMM" oleh K.H. Ahmad Badawi, yang berbunyi: \r\n<br>\r\n1. Menegaskan bahwa IMM adalah gerakan mahasiswa Islam;<br>\r\n2. Menegaskan bahwa kepribadian Muhammadiyah adalah landasan perjuangan IMM;<br\r\n3. Menegaskan bahwa fungsi IMM adalah organisasi mahasiswa yang sah dengan mengindahkan segala hukum, undang-undang, peraturan, serta dasar dan falsafah negara;<br>\r\n4. Menegaskan bahwa ilmu adalah amaliah dan amala adalah ilmiah;<br>\r\n5. Menegaskan bahwa amal IMM adalah lilLahi Ta''ala dan seenantiasa diabdikan untuk kepentingan rakyat.<br>\r\n<p>Sedangkan faktor ekstern berdirinya IMM berkaitan dengan situasi dan kondisi kehidupan di luar dan di sekitar Muhammadiyah. Hal ini paling tidak bertalian dengan keadaan umat Islam, kehidupan berbangsa dan bernegara rakyat Indonesia, serta dinamika gerakan mahasiswa. \r\n<p>Keadaan dan kehidupan umat Islam waktu itu masih banyak dipenuhi oleh tradisi, paham, dan keyakinan yang tidak sesuai dengan ajaran Islam yang sesungguhnya. Keyakinan dan praktek keagamaan umat Islam, termasuk di dalamnya adalah mahasiswa, banyak bercampur baur dengan takhayul, bid`ah, dan khurafat. \r\n<p>Sementara itu dalam kehidupan berbangsa dan bernegara juga tengah terancam oleh pengaruh ideologi komunis (PKI), keterbelakangan, kemiskinan, kebodohan, dan konflik kekuasaan antar golongan dan partai politik. Sehingga, kendati waktu itu Indonesia telah merdeka selama kurang lebih 20 tahun, namun tidak bisa mencerminkan makna dan cita-cita proklamasi kemerdekaan. Demokrasi dan kedaulatan rakyat terkungkung, sementara tirani kekuasaan dan otoritarianisme merajalela akibat kebijakan demokrasi terpimpin ala Soekarno.\r\n<p>Keadaan politik Indonesia sekitar awal sampai dengan pertengahan tahun ''60-an, tulis Cosmas Batubara, sangat menarik. Banyak pengamat politik yang mengatakan bahwa perkembangan dan kehidupan politik saat itu diwarnai oleh tiga pelaku politik yang amat dominan, yaitu: Diri pribadi Presiden soekarno; ABRI (terutama sekali angkatan Darat); dan PKI. \r\nKetiga kekuatan politik tersebut sangat mewarnai dan mempengaruhi perilaku dan orientasi kehidupan berbangsa, dan bernegara di berbagai lapisan dan kelompok masyarakat. Di kalangan organisasi mahasiswa, orientasi dan perilaku politiknya juga terbagi ke dalam tiga kekuatan dominan tadi. Organisasi mahasiswa yang secara tajam mengikuti garis Presiden Soekarno adalah GMNI, dan yang sejalan dengan garis ABRI adalah HMI, PMKRI, dan SOMAL (Sekretariat Organisasi-Organisasi Mahasiswa Lokal). Sedangkan yang mengikuti dan mendukung garis PKI adalah CGMI (Concentrasi Gerakan Mahasiswa Indonesia).\r\nDi tengah kemelut dan pertentangan garis politik tersebut, pergolakan organisasi-organisasi mahasiswa sampai dengan terjadinya G 30 S/PKI 1965 terlihat menemui jalan buntu dalam mempertahankan partisipasinya di era kemerdekaan RI. Pada waktu itu sejak Kongres Mahasiswa Indonesia di malang pada tanggal 8 Juni 1947, organisais-organisasi mahasiswa seperti HMI, PMKRI (Persatuan Mahasiswa Katholik Republik Indonesia), PMKI (Persekutuan Mahasiswa Kristen Indonesia; yang pada tahun 1950 berubah menjadi GMKI [Gerakan Mahasiswa Kristen Indonesia]), PMJ (Persatuan Mahasiswa Jogjakarta), PMD (Persatuan Mahasiswa Djakarta), MMM (Masyarakat Mahasiswa Malang), PMKH (Persatuan Mahasiswa Kedokteran Hewan), dan SMI (Serikat Mahasiswa Indonesia) berfusi ke dalam PPMI (Perserikatan Perhimpunan-Perhimpunan Mahasiswa Indonesia) yang bersifat independen.\r\nIndependensi PPMI sebagai penggalang kekuatan anti-imperialisme pada mulanya berjalan kompak. Tetapi setelah mengadakan Konferensi Mahasiswa Asia Afrika (KMAA) di Bandung tahun 1957 --yang menjadi prestasi puncak PPMI-- masing-masing organisasinya kemudian memisahkan diri. Hal ini karena pada tahun 1958 PPMI menerima CGMI, selundupan PKI, yang kemudian melancarkan aksi intervensi untuk mempengaruhi organisasi mahasiswa lain agar keluar dari PPMI. Akhirnya , karena kuatnya pengaruh dan intervensi dari CGMI tersebut, maka masing-masing organisasi dalam PPMI memisahkan diri. Pada bulan oktober 1965, setelah PKI dilumpuhkan, PPMI akhirnya secara resmi membubarkan diri.\r\nSasaran gerakan CGMI sebetulnya ingin mendominasi gerakan mahasiswa dan kehidupan kampus serta ingin menyingkirkan organisasi-organisasi mahasiswa Islam seperti HMI. <p>Sesungguhnya sebelum PPMI membubarkan diri, antara tahun 1964 sampai 1965 masing-masing organisasi mahasiswa yang berfusi di dalamnya bersikap sok revolusioner. Pada akhirnya HMI juga tidak ketinggalan untuk menjadi bagian dari kekuatan revolusioner. \r\nMenurut Deliar Noer, waktu itu HMI dengan keras turut menyanyikan senandung Demokrasi Terpimpin. Slogan-slogan Soekarno mulai dikumandangkan seperti "Nasakom jiwaku", "revolusioner", dan "ganyang Malaysia". Bahkan pada tahun 1964 HMI memecat beberapa anggota penasihatnya yang telah alumni karena tidak sesuai dengan revolusi. HMI juga mengecam keras Kasman Singodimedjo yang sedang menghadapi pengadilan di Bogor dan menuntut dihukum sekeras-kerasnya bila bersalah. \r\n<p>Kendati HMI telah berusaha menunjukkan eksistensi dirinya sebagai bagian dari kekuatan revolusioner, namun tetap saja HMI menjadi sasaran CGMI dan/atau PKI untuk dibubarkan. Pada saat saat HMI terdesak itulah Ikatan mahasiswa Muhammadiyah lahir pada tanggal 14 maret 1964 (29 Syawal 1384 H). \r\nItulah sebabnya muncul persepsi yang keliru bahwa IMM dibentuk adalah sebagai persiapan untuk menampung aggota-anggota HMI kalau terjadi dibubarkan. Persepsi yang keliru ini dikaitkan dengan dekatnya hubungan HMI dengan Muhammadiyah. Sebagaimana diketahui bahwa HMI pada mulanya didirikan dan dibesarkan oleh orang-orang Muhammadiyah, maka kalau HMI dibubarkan Muhammadiyah harus menyediakan wadah lain. \r\n<p>Persepsi tersebut adalah keliru, karena kelahiran IMM salah satu faktor historisnya adalah justru untuk membantu dan mempertahankan eksistensi HMI supaya tidak mempan dengan usaha-usaha PKI yang ingin membubarkannya. Sebab, kalau kelahiran IMM diperuntukkan untuk mengganti HMI jika dibubarkan, maka IMM tidak perlu repot-repot terlibat dalam beraksi menentang PKI yang mau membubarkan HMI.\r\nDi antara praduga mengapa kehadiran IMM dalam sejarah gerakan mahasiswa dipersoalkan adalah karena sangat dekatnya kelahiran IMM --kendati ide dasarnya sudah ada sejak tahun 1936-- dengan peristiwa G 30 S/PKI. Sehingga muncul pertanyaan (yang menggugat), mengapa IMM yang baru lahir sudah langsung terlibat dalam peristiwa nasional dan sejarah besar dalam pergulatan bangsa melawan dan menghancurkan PKI. Pada tahun 1965, IMM juga ikut bergabung dalam wadah KAMI (Kesatuan Aksi Mahasiswa Indonesia), dan Slamet Sukirnanto, salah seorang tokoh DPP IMM, pada saat dibentuknya KAMI menjadi salah satu Ketua Presidium Pusat KAMI. \r\nIMM sendiri pada masa-masa awal berdiriya tidak luput dari ancaman dan teror PKI. Reaksi jahat dari PKI terhadap kelahiran IMM tersebut tidak saja tejadi di pusat, tetapi juga di daerah-daerah. Untuk menyelamatkan eksistensi IMM yang baru berdiri itu, maka dalam kesempatan audiensi dan silaturahmi dengan Presiden Soekarno di Istana Negara Jakarta pada tanggal 14 Februari 1965 DPP IMM meminta restunya. "Saja beri restu kepada Ikatan Mahasiswa Muhammadijah", demikian pernyataan yang ditandatangai oleh Presiden Soekarno.\r\nKarena IMM merupakan kebutuhan intern dan ekstern Muhammadiyah, maka tokoh-tokoh PP Pemuda Muhammadiyah yang sebelumnya bergabung dengan HMI kembali, sekaligus untuk membina dan mengembangkan IMM. Dalam hal ini juga muncul klaim dan persepsi yang keliru, bahwa IMM dilahirkan oleh HMI. Tokoh-tokoh Pemuda Muhammadiyah khususnya yang terlibat menghembangkan HMI, karena waktu itu IMM belum ada. Sementara keterlibatan mereka di HMI adalah untuk mengembangkan ideologi Muhammadiyah. Buktinya setelah sekian lama ada di HMI, ternyata HMI yang sudah dimasuki oleh mahasiswa dari berbagai kalangan ormas keislaman itu pada akhirnya berbeda dengan orientasi Muhammadiyah. \r\nOleh karena itu adalah wajar jika pada akhirnya mereka kembali ke Muhammadiyah sekaligus untuk turut mengembangkan IMM. Hal ini seperti yang terjadi di Yogyakarta, Jakarta, Riau, Padang, Ujungpandang dan lain lain. Juga perlu dicatat bahwa para tokoh PP Pemuda Muhammadiyah dan NA yang terlibat dalam mengusahakan terbentunya IMM sejak awal sampai berdirinya adalah mereka yang betul-betul tidak pernah terlibat dalam HMI. \r\nBerdirinya IMM berdasarkan perjalanan sejarahnya tersebut adalah karena tuntutan dan keharusan sejarah (historical nessecity) dalam kontek kehidupan umat, bangsa, dan negara serta dinamika gerakan mahasiswa di Indonesia. Adapun maksud berdirinya IMM adalah:\r\n<br>1. Turut memelihara martabat dan membela kejayaan bangsa;<br>\r\n2. Menegakkan dan menjunjung tinggi agama Islam;<br>\r\n3. Sebagai upaya untuk menopang, melangsungkan, dan meneruskan cita-cita pendirian Muhammadiyah;<br>\r\n4. Sebagai pelopor, pelangsung, dan penyempurna cita-cita pembaruan dan amal usaha Muhammadiyah;<br>\r\n5. Membina, meningkatkan, dan memadukan iman dan ilmu serta amal dalam kehidupan bangsa, umat, dan persyarikatan.<br>\r\n<p>\r\nDinamika Ikatan Mahasiswa Muhammadiyah<br>\r\nSeperti halnya organisasi-organisasi lain, dalam karir sejarahnya IMM mengalami dinamika gerakan yang naik turun dan pasang surut. Selama lebih dari tiga setengah dasawarsa ini, IMM telah mengalami empat periode gerakan. Pertama, periode pergolakan dan pemantapan (1964-1971). Kedua, periode pengembangan (1971-1975). Ketiga, periode tantangan (1975-1985). Keempat, periode kebangkitan (1985-?). \r\n<p>Dalam periode pergolakan dan pemantapan ini, IMM yang masih sangat muda harus berhadapan dengan situasi dan kondisi sosial, politik, ekonomi, budaya di tengah kehidupan berbangsa, bernegara dan beragama yang sangat rawan dan kritis. IMM pada saat itu langsung berhadapan dengan kebijakan Manipol Usdek Bung Karno, Nasakom, dan ancaman PKI. Dalam periode ini kegiatan-kegiatan IMM lebih banyak diarahkan kepada pembinaan personil, penguatan organisasi, pembentukan dan pengembangan IMM di kota-kota maupun perguruan tinggi. Dalam periode ini pula pola gerakan, prinsip perjuangan dan perangkat organisasi IMM berhasil ditetapkan.\r\n<p>Dalam periode ini telah terselenggara tiga kali Musyawarah Nasional (Muktamar) dan empat kali Konferensi Nasional (Tanwir) serta terbentuk lima kali formasi kepemimpinan IMM. Selama periode ini Mohammad Djazman Al-Kindi terus menjadi Ketua Umum DPP IMM. Kepemimpinan pertama (DPP Sementara) pra-Munas berlangsung dari tahun 1964-1965, dengan Ketuanya Mohammad Djazman Al-Kindi. Kepemimpinan kedua (1965-1967) adalah hasil Munas I di Surakarta (1-5 Mei 1965). Ketua Umum: Mohammad Djazman Al-Kindi; dan Sekretaris Jendral: A. Rosyad Sholeh. Kepemimpinan ketiga hasil reshuffle pada pertengahan 1966, Ketua Umumnya tetap; dan Soedibjo Markoes menjadi Pejabat Sekjen. Kepemimpinan keempat (1967-1969) hasil Munas II di Banjarmasin (26-30 November 1967), Ketua Umum tetap; dan Sekjennya adalah Syamsu Udaya Nurdin. Kepemimpinan kelima hasil reshuffle pada Konfernas di Magelang (1-4 Juli 1970), Ketua Umum-nya masih tetap; sedangkan yang menjadi Sekjen adalah Bahransyah Usman. \r\n<p>Selain Djazman, tokoh-tokoh awal IMM lainnya yang terkenal di antaranya seperti: A. Rosyad Sholeh, Soedibjo Markoes, Mohammad Arief, Sutrisno Muhdam, Zulkabir, Syamsu Udaya Nurdin, Nurwijoyo Sarjono, Basri Tambun, Fathurrahman, Soemarwan, Ali Kyai Demak, Sudar, M. Husni Thamrin, M. Susanto, Siti Ramlah, Deddy Abu Bakar, Slamet Sukirnanto, M. Amien Rais, Yahya Muhaimin, Abuseri Dimyati, Marzuki Usman, Abdul Hadi W.M. Machnun Husein, dll.\r\n<p>Peran dan kehendak IMM untuk meneguhkan dan memantapkan eksistensinya secara signifikan dalam konteks kehidupan berbangsa dan bernegara serta untuk kepentingan ummat dan Muhammadiyah selama periode ini tampak menonjol, baik melalui pernyataan deklarasi-deklarasinya --seperti Deklarasi Kota Barat 1965 dan Deklarasi Garut 1967-- maupun dengan aktivitas kegiatan dan artikulasi gerakannya. \r\nMulai tahun 1971-1975 disebut sebagai periode pengembangan, karena masalah-masalah yang menyangkut konsolidasi pimpinan dan organisasi tidak terlalu banyak dipersoalkan. Orientasi kegiatan dan dinamika gerakan IMM sudah mulai banyak diarahkan pada pengembangan organisasi seperti melalui program-program sosial, ekonomi, dan pendidikan. Dinamika gerakan IMM ini semakin memperteguh concern IMM terhadap masalah-masalah kehidupan mahasiswa, umat, dan bangsa di tengah gejolak sosial dan modernisasi pembangunan. Hal ini misalnya seperti yang dinyatakan dalam Deklarasi Baiturrahman 1975, maupun dalam hasil rumusan pemikiran dari Munas dan Konferensi IMM. \r\nDalam periode ini hanya terjadi satu kali suksesi kepemimpinan di tingkat DPP IMM. Munas III di Yogyakarta (14-19 Maret 1971) menghasilkan A. Rosyad Sholeh sebagai Ketua Umum; dan Machnun Husein sebagai Sekjen. Kemudian Konfernas V di Padang memutuskan penambahan personalia staf DPP IMM, yaitu: Alfian Darmawan, Abbas Sani, Maksum Saidrum, Ajeng Kartini, Dahlan Rais, Ahmad Syaichu, dan Arief Hasbu. \r\n<p>Dalam periode ini pula terjadi peristiwa penting yang mewarnai keberadaan IMM, yaitu dalam hal pembentukan KNPI (Komite Nasional Pemuda Indonesia) dan peristiwa Malari (Malapetaka Lima Belas Januari 1974). Waktu itu IMM tidak diakui sebagai salah satu pencetus kelahiran KNPI (23 Juli 1973), karena tidak ikut menandatangani Deklarasi Pemuda Indonesia sebagai landasan berdirinya KNPI. Sementara, pembuat dan perumus Deklarasi Pemuda Indonesia itu adalah Slamet Sukirnanto, salah seorang anggota DPP IMM, yang waktu itu tidak bersedia menandatangani deklarasi tersebut atas nama IMM.\r\nKetidakikut sertaan Slamet Sukirnanto menandatangani deklarasi tersebut, dikarenakan pembentukan wadah generasi muda itu semula adalah secara perorangan dan sekedar sebagai wadah komunikasi antara generasi muda serta keanggotaannya bersifat pribadi. Namun ternyata pada saat penandatanganan harus mengatasnamakan organisasi. Dalam hal inilah letak persoalannya. Secara organisatoris, Slamet Sukirnanto menolak menandatangani deklarasi itu, tetapi secara pribadi ia bersedia. \r\nKetika terjadi peristiwa Malari --yang berakibat pada tindakan represif terhadap gerakan mahasiswa--, maka pada tanggal 16 Januari 1974 IMM mengirim surat kepada Presiden Soeharto untuk mengadakan referendum dalam upaya mencari kebenaran obyektif mengenai kebijaksanaan yang dilakukan oleh pemerintah. Upaya ini diharapkan dapat tetap menjaga keutuhan persatuan serta kepentingan bangsa dan negara yang lebih besar jangan sampai menjadi korban para pemegang policy. Dalam menghadapi aksi Malari tersebut, IMM berharap agar pemerintah tidak memadamkan aspirasi dan idealisme mahasiswa.\r\n<p>Di antara ide dan gagasan pemikiran IMM pada periode ini adalah mengenai pendidikan. Dalam hal ini IMM menyadari bahwa pendidikan adalah suatu usaha "human investmen" yang penting untuk melukis dan mewarnai masa depan bangsa. Pendidikan merupakan salah satu unsur terpenting untuk menumbuhkan dan membina mental attitude bangsa.\r\nKemudian mengenai masalah organisasi mahasiswa, IMM berpendapat bahwa keberadaannya harus berfungsi sebagai organisasi kader dan sekaligus dakwah. Karena itu organisasi mahasiswa harus menganut asas potensi, partisipasi, keluwesan, dan kesederhanaan.\r\n<p>Sedangkan dalam hal generasi muda, IMM berpendangan bahwa pembinaannya harus senantiasa dikaitkan dengan strategi pembangunan nasional yang berjangka panjang. Untuk itu perlu adanya pembauran antara konsep generasi muda sebagai pelanjut dengan konsep generasi muda sebagai pembaharu. Demikian pula halnya dengan perpaduan antara pengertian kader dan pioner.\r\n<p>Setelah melewati periode pergolakan dan pemantapan serta pengembangan, pada tahun 1975-1985 IMM berada dalam periode tantangan. Dalam periode ini Muktamar IV IMM di Semarang (21-25 Desember 1975), menghasilkan Zulkabir sebagai Ketua Umum; dan M. Alfian Darmawan sebagai Sekjen. \r\nDalam periode ini IMM sebetulnya tidak menghadapi konflik atau tantangan yang berarti, yang menyebabkan organisasi ini mengalami stagnasi. Namun persoalannya terletak pada terjadinya kevakuman kepemimpinan di tingkat nasional (DPP IMM) selama lebih kurang satu dasawarsa. Selama periode ini di tingkat DPP tidak terjadi suksesi dan regenerasi kepemimpinan, atau dengan kata lain tidak terselenggara musyawarah nasional atau muktamar, yang seharusnya berlangsung pada tahun 1978. \r\n<p>Kevakuman dan terjadinya kemandegan IMM di DPP ini menimbulkan keprihatinan dan keheranan bagi banyak pihak, khususnya di kalangan Muhammadiyah dan ortomnya. Pada tahun 1983, H.S. Prodjokusumo misalnya menanggapi masalah ini dalam tulisannya IMM Bangkitlah. Kemudian dengan nada menyindir dan dalam gaya personifikasi --tanpa bisa menutupi kekecewaannya tehadap IMM-- Umar Hasyim menulis: "Merenungi sejarahmu, kita jadi heran, ketika sejak Muktamar ke-4 tahun 1975 itu anda dengan lelapnya tidur nyenyak selama sepuluh tahun, karena pada bulan April 1986 engkau baru berhasil bermuktamar dan memilih kepengurusan DPP lagi. Sungguh luar biasa sekali, suasana dunia di mana anda berada ini demikian gegap gempitanya, tetapi anda bisa lelap tidur."\r\nNamun demikian, kendati di tingkat DPP terjadi kevakuman, justru di bawahnya IMM tetap eksis dan bergerak. Aktivitas kegiatan, program kerja, dan kaderisasi di tingkat bawah itu terus berjalan. Kevakuman DPP IMM tidak mempengaruhi aktivitas IMM di Daerah, Cabang, dan Komisariat. Identitas IMM ternyata begitu kuat melekat pada jiwa para pimpinan dan kader IMM di bawah. Di level bawah IMM masih tetap tumbuh subur. \r\nMeski berada dalam periode tantangan, IMM masih tetap berusaha untuk melahirkan ide dan gagasan pemikirannya. Di antara ide dan gagasannya itu adalah mengenai perlunya Menteri Negara Urusan Pemuda. Ide dan gagasan pemikiran tersebut berangkat dari latar belakang kemahasiswaan dan kepemudaan yang tidak mempunyai saluran yang semestinya. Untuk itulah IMM mengusulkan kepada Presiden Soeharto untuk mengnagkat seorang Menteri Negara Urusan Pemuda yang menyelenggarakan dan membina komunikasi dengan seluruh eksponen generasi muda.\r\nKemudian, ketika terjadi Keputusan 15 Nopember 1978 (KNOP 15), IMM mengusulkan perlunya pengendalian dan pengarahan konsumsi masyarakat. Hal ini mengingat telah terjadinya bentuk konsumsi yang non-esensial dan tidak produktif. Di samping itu, perlunya perlindungan dan pembinaan industri kecil agar dapat bersaing dengan industri besar, oleh IMM dikemukakan kepada pemerintah. Demikian pula halnya dengan pemerataan pendapatan dan kesempatan kerja perlu diperhatikan oleh pemerintah. \r\nSetelah mengalami kevakuman dan kemandegan selama satu dasawarsa itu, maka pada tahun 1985 IMM mulai memasuki periode kebangkitan. Periode ini dimulai dengan adanya SK PP Muhammadiyah No. 10/PP/1985 tertanggal 31 Agustus 1985 tentang pembentukan DPP (Sementara) IMM. DPP(S) ini terdiri dari:\r\nKetua : Immawan Wahyudi (DIY)<br>\r\nKetua I : Drs. Anwar Abbas (DKI)<br>\r\nKetua II : Drs. M. Din Syamsuddin (DKI)<br>\r\nKetua III : Farid Fathoni AF (Surakarta)<br>\r\nSekretaris I : Mukhlis Ahasan Uji (DIY)<br>\r\nSekretaris II : Nizam Burhanuddin (DKI)<br>\r\nSekretarus III: Agus Syamsuddin (DIY)<br>\r\nBendahara I : St. Daulah Khoiriati (DIY)<br>\r\nBendahara II : Asmuyeni Muchtar (DKI)<br>\r\n\r\n<p>Setelah dilantik pada tanggal 1 september 1985, DPP(S) IMM mulai menata organisasi dan menjalankan aktivitasnya. Pada tanggal 7-10 desember 1985 DPP(S) berhasil mengadakan Tanwir ke-7 IMM di Surakarta. Tanwir yang bertemakan "Bangkit dan Tegaskan Identitas Ikatan" ini pada akhirnya mampu membangkitkan IMM dari tidurnya yang panjang. Hingga kemudian pada tanggal 14-18 april 1986 DPP(S) berhasil menyelenggarakan Muktamar ke-5 IMM di Padang, Sumatra Barat. \r\nSelain pada akhirnya berhasil menyusun kepengurusan DPP IMM yang baru periode 1986-1989 (Ketua Umum: Nizam Burhanuddin; dan Sekjen: M. Arifin Nawawi), Muktamar V itu juga mampu merumuskan konsep pengembangan wawasan bangsa dan umat kaitannya dengan identitas Ikatan, penyusunan ulang sistem perkaderan, pengembangan organisasi dan pembahasan program kerja. Dalam Muktamar V itu IMM juga bisa menghasilkan Deklarasi Padang, yang mengartikulasikan visi dan keberpihakan IMM terhadap masalah-masalah dunia internasional, umat Islam di Indonesia, Muhammadiyah, IMM sendiri, serta pembinaan generasi muda dan mahasiswa.\r\nDalam periode kebangkitan ini IMM tidak lepas dari halangan dan tantangan. Artikulasi gerakan IMM pun mengalami dinamika dan fluktuasi. Dalam periode kebangkitan (sampai sekarang) ini IMM telah mengalami beberapa kali Muktamar dan Tanwir, yang berperan untuk menpertahankan eksistensi IMM dan menyinambungkan regenerasi kepemimpinannya. \r\n<p>Muktamar VI di Ujungpandang (7-12 Juli 1989) menghasilkan DPP IMM (periode 1989-1992), dengan M. Agus Samsudin sebagai Ketua Umum; dan Fauzan sebagai Sekjen. Kemudian Tanwir VIII di Medan (24-28 April 1991), memutuskan Abdul Al Hasyir sebagai Sekjen, menggantikan Fauzan. \r\nPada tanggal 25-31 Desember 1992 IMM berhasil menyelenggarakan Muktamar VII di Purwokerto, yang menghasilkan Tatang Sutahyar W sebagai Ketua Umum; dan Syahril Syah sebagai Sekjen untuk periode 1993-1995. Selanjutnya, pada Tanwir IX di Palembang (7-11 Juli 1994) terjadi pergantian Ketua Umum dari Tatang Sutahyar oleh Syahril Syah sebagai Pj. Ketua Umum, dan Armyn Gultom sebagai Sekjen.\r\nSelanjutnya, pada tanggal 25-31 Maret 1995 IMM kembali mengadakan Muktamar VIII di Kendari yang berhasil memilih Syahril Syah sebagai Ketua Umum dan Abd. Rohim Ghazali sebagai Sekjen untuk periode 1995-1997. Kemudian pada tanggal 22 Februari-2 Maret 1997, IMM kembali mengadakan Muktamar IX di Medan yang menghasilkan Irwan Badillah sebagai Ketua Umum dan M. Irfan Islami Dj. sebagai Sekjen untuk periode 1997-2000.\r\nSampai sekarang IMM memiliki 26 DPD dan 115 PC, serta anggota sebanyak kurang lebih 567.000 orang. Anggota IMM tersebut tersebar di berbagai perguruan tinggi negeri dan swasta serta perguruan tinggi Muhammadiyah khususnya. \r\nArtikulasi gerakan IMM tidak terbatas dalam aktivitas dan pelaksanaan program-program kerja yang rutin belaka, tetapi juga aktif dalam menyikapi dan merespons persoalan-persoalan sosial-politik dan kemanusiaan, baik dalam skala lokal, nasional, maupun global. Kepedulian dan keberpihakan IMM seperti ini, karena IMM tidak ingin teralienasi oleh dinamika zaman dan terbawa arus secara pasif oleh perubahan sosial yang terus bergulir. \r\nBegitu pula ketika terjadi aksi-aksi gerakan reformasi yang banyak dilakukan kalangan mahasiswa dan kaum intelektual pada tahun 1997, IMM tidak ketinggalan melibatkan diri dan aktif bergerak di dalamnya. Baik di tingkat pusat maupun daerah, bersama eksponen Angkatan Muda Muhammadiyah lainnya IMM bergerak untuk mendukung dan menyukseskan aksi gerakan reformasi yang berhasil melengserkan Presiden Soeharto dari tampuk kekuasaannya. \r\nDi Yogyakarta misalnya IMM bergabung dalam Komnas AMM bersama organisasi otonom lainnya dalam mengartikulasikan gerakan dan tuntutan reformasi. Selain itu di beberapa Komisariat dan Korkom, IMM juga banyak mengadakan aksi dan gerakan serupa. Begitu pula dengan IMM di daerah-daerah lainnya, seperti di Jakarta yang menamakan gerakannya dengan FAKSI IMM (Front Aksi untuk Reformasi). Di Surabaya dan Ujungpandang IMM ada dalam GEMPAR (Gerakan Mahasiswa Pro Amien Rais) dsb.\r\nSelain itu, ketika akan berlangsung jajak pendapat penentuan status Timor-Timur pada tanggal 30 Agustus 1999, IMM juga berpartisipasi aktif dalam pemantauannya. Pada waktu akan, selama, dan sesudah berlangsung jajak pendapat tersebut IMM telah mengirimkan Immawan Wachid Ridwan (Biro Kerjasama Luar Negeri dan Hubungan Internasional DPP IMM) ke Timor-Timur untuk melakukan pemantauan bersama LSM dan OKP lainnya.\r\n<p>\r\nSusunan dan Struktur Organisasi<br>\r\nSeperti Muhammadiyah dan organisasi otonom lainnya, secara vertikal IMM memiliki susunan organisasi mulai dari tingkat pusat sampai komisariat. Lengkapnya: Komisariat, Cabang, Daerah, dan Pusat. Kepemimpinannya disebut Pmpinan Komisariat (PK), Pimpinan Cabang (PC), Dewan Pimpinan Daerah (DPD), dan Dewan Pimpinan Pusat (DPP). \r\nKomisariat ialah kesatuan anggota dalam suatu fakultas/akademi atau tempat tertentu. Cabang ialah kesatuan komisariat-komisariat dalam suatu Daerah Tingkat II atau daerah tertentu. Daerah ialah kesatuan cabang-cabang dalam suatu Propinsi/Daerah Tingkat I. Pusat ialah kesatuan daerah-daerah dalam Negara Republik Indonesia. \r\nSebagai salah satu organisasi otonom Muhammadiyah, maka masing-masing level dari susunan organisasi tersebut mempunyai hubungan keorganisasian yang horizontal dengan Pimpinan Muhammadiyah. DPP IMM dengan PP Muhammadiyah; DPD IMM dengan PW Muhammadiyah; PC IMM dengan PD Muhammadiyah; dan PK IMM dengan PC/PR Muhammadiyah.\r\n<br>Adapun struktur organisasi IMM, berdasarkan hasil Muktamar IX di Medan adalah sebagai berikut. Mulai dari tingkat DPP sampai PK terdiri dari Ketua Umum, Sekretaris Jenderal --khusus untuk DPP, sedang untuk DPD sampai PK: Sekretaris Umum--, Bendahara Umum (bersama dua wakilnya); ditambah dengan beberapa Ketua Bidang dan Sekretaris Bidang (Organisasi, Kader, Ilmu Pengetahuan dan Teknologi, Hikmah. Sosial Ekonomi, dan Immawati). \r\nStruktur organisasi ini dibantu oleh sebuah biro, beberapa lembaga studi, dan dua korps (Biro Kerjasama Luar Negeri dan Hubungan Iternasional [hanya ada di DPP]; Lembaga Studi Kelembagaan dan Pengembangan Organisasi; Lembaga Pengkajian dan Pengembangan Sumber Daya Kader; Lembaga Pengembangan Ilmu Agama dan Sosial Budaya; Lembaga Penelitian, Pengkajian dan Penerapan Teknologi; Lembaga Pers IMM [hanya ada di tingkat DPP dan DPD]; Lembaga Pengkajian Strategi dan Kebijakan; Lembaga Kesejahteraan Rakyat dan Lingkungan Hidup; Lembaga Studi dan Pengembangan Ekonomi Ummat [istilah lembaga hanya untuk DPP dan DPD, sedang di PC menggunakan istilah departemen]; Korps Instruktur [hanya ada di tingkat DPP sampai PC]; dan Korps Immawati). Kemudian di tingkat PK, departemen yang ada adalah: Departemen Organisasi, Kader, Ilmu Pengetahuan dan Teknologi, Hikmah, dan Sosial Ekonomi.\r\n<p>\r\nProgram Kerja<br>\r\nSecara umum program kerja IMM dilaksanakan untuk memantapkan eksistensi organisasi demi mencapai tujuannya, "mengusahakan terbentuknya akademisi Islam yang berakhlak mulia dalam rangka mencapai tujuan Muhammadiyah" (AD IMM Pasal 6). Untuk menunjang pencapaian tujuan IMM tersebut, maka perencanaan dan pelaksanaan program kerja diorientasikan bagi terbentuknya profil kader IMM yang memiliki kompetensi dasar aqidah, kompetensi dasar intelektual, dan kompetensi dasar humanitas .\r\nSebagai organisasi yang bergerak di bidang keagamaan, kemasyarakatan, dan kemahasiswaan, maka program kerja IMM pada dasarnya tidak bisa lepas dari tiga bidang garapan tersebut. Perencanaan dan pelaksanaan program kerja tersebut memiliki stressing yang berbeda-beda (berurutan dan saling menunjang) pada masing-masing level kepemimpinan. Di tingkat Komisariat: kemahasiswaan, perkaderan, keorganisasian, kemasyarakatan. Di tingkat Cabang: Perkaderan, kemahasiswaan, keorganisasian, kemasyarakatan. Di tingkat Daerah: keorganisasian, kemasyarakatan, perkaderan, kemahasiswaan. Di tingkast Pusat: Kemasyarakatan, keorganisasian, perkaderan, kemahasiswaan.<p>\r\nBerkaitan dengan program kerja jangka panjang, maka sasaran utamanya diarahkan pada upaya perumusan visi dan peran sosial politik IMM memasuki abad XXI. Hal ini tidak lepas dari ikhtiar untuk memantapkan eksistensi IMM demi tercapainya tujuan organisasi (lihat AD IMM Pasal 6). \r\nSasaran utama dan program jangka panjang ini merujuk pada dan melanjutkan prioritas program yang telah diputuskan pada Muktamar VII IMM di Purwokerto (1992). Program dimaksud menetapkan strategi pembinaan dan pengembangan organisasi secara bertahap, sistematis, dan berkelanjutan selama lima periode muktamar IMM.\r\n<p>Periode Muktamar IX diarahkan pada pemantapan konsolidasi internal (organisasi, pimpinan, dan program) dengan meningkatkan upaya pembangunan kualitas institusional dan pemantapan mekanisme kaderisasi dalam menghadapi perkembangan situasi sosial politik nasional yang semakin dinamis. \r\nPeriode Muktamar X diarahkan pada penguatan orientasi kekaderan dengan meningkatkan mutu sumber daya kader sebagai penopang utama kekuatan organisasi dalam transformasi sosial masyarakat.\r\nPeriode Muktamar XI diarahkan pada penguatan peran institusi organisasi baik secara internal (pelopor, pelangsung, dan penyempurna gerakan pembaruan dan amal usaha Muhammadiyah) maupun eksternal (kader umat dan kader bangsa).\r\n<p>Periode Muktamar XII diarahkan pada pemantapan peran IMM dalam wilayah kehidupan bermasyarakat, berbangsa, dan bernegara memasuki era globalisasi yang lebih luas.\r\nPeriode Muktamar XIII diarahkan pada pemberdayaan institusi organisasi serta pemantapan peranan IMM dalam kehidupan sosial politik bangsa.\r\n<p>Kemudian pelaksanaan program jangka panjang itu memiliki sasaran khusus pada masing-masing bidangnya. Bidang Organisasi diarahkan pada terciptanya struktur dan fungsi organisasi serta mekanisme kepemimpinan yang mantap dan mendukung gerak IMM dalam mencapai tujuannya. Program konsolidasi gerakan IMM juga diarahkan bagi terciptanya kekuatan gerak IMM baik ke dalam maupun ke luar sebagai modal penggerak bagi pengembangan gerakan IMM.<br>\r\nBidang Kaderisasi diarahkan pada penguatan tiga kompetensi dasar kader IMM (aqidah, intelektual, dan humanitas) yang secara dinamis mampu menempatkan diri sebagai agen pelaku perubahan sosial bagi kepentingan masyarakat, bangsa, dan negara.<br>\r\nBidang Ilmu Pengetahuan dan Teknologi diarahkan pada pembangunan budaya iptek dan penguatan paradigma ilmu yang melandasi setiap agenda dan aksi gerakan IMMdalam menyikapi tantangan zaman.<br>\r\nBidang Hikmah diarahkan pada penguatan peran sosial politik IMM di tengah kehidupan berbangsa dan bernegara, khususnya dalam peran serta dan partisipasi sosial politik generasi muda (mahasiswa).<br>\r\nBidang Sosial Ekonomi diarahkan pada penumbuhkembangan budaya dan wawasan wiraswasta di lingkungan IMM, terutama dalam membangun dan memberdayakan potensi ekonomi kerakyatan.<br>\r\nBidang Immawati diarahkan pada upaya penguatan jati diri dan peran aktif sumber daya kader puteri IMM dalam transformasi sosial menuju masyarakat utama.*****<br>\r\nAsep Purnama Bahtiar<br>\r\n</p>\r\n<p>BIBLIOGRAFI<br>\r\nAgham, Noor Chozin, Melacak Sejarah Kelahiran dan Perkembangan Ikatan Mahasiswa Muhammadiyah Dari Muktamar I sampai Muktamar V, Jakarta: Yayasan Penerbit Pers Perkasa bersama Penerbit dan Percetakan Dikdasmen PP Muhammadiyah, 1997.<br>\r\nBatubara, Cosmas, "Kilas Balik Kelahiran Orde Baru dan Peranan Para Mahasiswa" dalam Haris Munandar (Peny.), Pembangunan Politik, Situasi Global, dan Hak Asasi di Indonesia: Kumpulan Esei Guna Menghormati Prof. Miriam Budiardjo, Jakarta: PT Gramedia Pustaka Utama, 1994.<br>\r\nDPP IMM, Tanfidz Keputusan Muktamar VIII IMM, 1995.<br>\r\n-------, Tanfidz Keputusan Muktamar IX IMM, 1997.<br>\r\nFathoni AF, Farid, Kelahiran yang Dipersoalkan, Dua Puluh Enam Tahun Ikatan Mahasiswa Muhammadiyah 1964-1990, Surabaya: PT Bina Ilmu, 1990.<br>\r\nHamid, Almisar et al., Seperempat Abad Ikatan Mahasiswa Muhammadiyah, Jakarta: DPP IMM, 1989.<br> \r\nHasyim, Umar, Muhammadiyah Jalan Lurus dalam Tajdid, Dakwah, Kaderisasi dan Pendidikan: Kritik dan Terapinya, Surabya: PT Bina Ilmu 1990.<br>\r\nNoer, Deliar, Partai Islam di Pentas Politik Nasional 1945-1965, Jakarta: Grafiti Pers, 1987.<br>\r\nTanja, Victor I., Himpunan Mahasiswa Islam, Sejarah dan Kedudukannya di Tengah Gerakan-gerakan Muslim Pembaharuan di Indonesia, Jakarta: Sinar Harapan, 1982.<br>\r\ndikutip dari pmkri.org');

-- --------------------------------------------------------

--
-- Table structure for table `cabang`
--

CREATE TABLE `cabang` (
  `id_cab` int(3) NOT NULL auto_increment,
  `cabang` varchar(40) NOT NULL default '',
  `alamat` text,
  `no_telp` varchar(16) NOT NULL default '',
  `id_dpd` int(2) default NULL,
  PRIMARY KEY  (`id_cab`)
) ENGINE=MyISAM  DEFAULT CHARSET=latin1 AUTO_INCREMENT=15 ;

--
-- Dumping data for table `cabang`
--

INSERT INTO `cabang` VALUES(1, 'PC IMM SEMARANG', 'Jl. Singosari Timur No I-A semarang', '', 1);
INSERT INTO `cabang` VALUES(2, 'PC IMM SALATIGA', 'Jl. Kauman No 32 Salatiga', '', 1);
INSERT INTO `cabang` VALUES(3, 'PC IMM SURAKARTA', 'Jl. Teuku Umar No 5', '', 1);
INSERT INTO `cabang` VALUES(4, 'PC IMM SUKOHARJO', 'd/a Pondok HNS UMS, Makamhaji Kartasura, Sukoharjo', '', 1);
INSERT INTO `cabang` VALUES(5, 'PC IMM KLATEN', 'Jl. Wijaya Kusuma No 8 Klaten', '', 1);
INSERT INTO `cabang` VALUES(6, 'PC IMM MAGELANG', 'd/a Univ. Muhammadiyah Magelang Jl.Tidar No 2 Magelang', '', 1);
INSERT INTO `cabang` VALUES(7, 'PC IMM PURWOREJO', 'd/a Univ. Muhammadiyah Purworejo Jl. KH. Ahmad Dahlan No 3 Purworejo', '', 1);
INSERT INTO `cabang` VALUES(8, 'PC IMM BANYUMAS', 'Jl. Dr. Angka No 1 Purwokerto', '', 1);
INSERT INTO `cabang` VALUES(9, 'PC IMM KUDUS', 'd/a AKPER Muhammadiyah Kudus Jl. KH. Nurhadi Kudus', '', 1);
INSERT INTO `cabang` VALUES(10, 'PC IMM PEKALONGAN', 'd/a Akademi Akuntansi Muhammadiyah Jl. KH. Mas Mansyur No 2 Pekalongan', '', 1);
INSERT INTO `cabang` VALUES(11, 'PC IMM KENDAL', 'd/a AKPER Muhammadiyah  Jl. Ar Rahmah Weleri Kendal', '', 1);
INSERT INTO `cabang` VALUES(12, 'PC IMM TEGAL', 'Jl. Ahmad Yani, Procot Slawi, Tegal', '', 1);
INSERT INTO `cabang` VALUES(13, 'PC IMM KARANGANYAR', 'd/a Jl. Kapten Mulyadi No 1 Karanganyar', '', 1);
INSERT INTO `cabang` VALUES(14, 'PC IMM BLORA', 'd/a SMP Muhammadiyah, Jl. KH. Ahmad Dahlan No 9 Blora', '', 1);

-- --------------------------------------------------------

--
-- Table structure for table `dpd`
--

CREATE TABLE `dpd` (
  `id_dpd` int(2) NOT NULL auto_increment,
  `dpd` varchar(40) NOT NULL default '',
  `alamat` text,
  `no_telp` varchar(16) NOT NULL default '',
  PRIMARY KEY  (`id_dpd`)
) ENGINE=MyISAM  DEFAULT CHARSET=latin1 AUTO_INCREMENT=2 ;

--
-- Dumping data for table `dpd`
--

INSERT INTO `dpd` VALUES(1, 'DPD IMM JAWA TENGAH', 'jl. singosari no 33 semarang', '024-');

-- --------------------------------------------------------

--
-- Table structure for table `forum`
--

CREATE TABLE `forum` (
  `fid` int(11) NOT NULL auto_increment,
  `fjudul` varchar(255) NOT NULL default '',
  `fketerangan` text,
  PRIMARY KEY  (`fid`)
) ENGINE=MyISAM  DEFAULT CHARSET=latin1 AUTO_INCREMENT=2 ;

--
-- Dumping data for table `forum`
--

INSERT INTO `forum` VALUES(1, 'Kader', 'Forum ini untuk mewadahi segala aspirasi kader dalam berdiskusi masalah intelektual dan kekaderan, utamanya dalam bermuhammadiyah dan juga ke IMM-an');

-- --------------------------------------------------------

--
-- Table structure for table `imm_kampus`
--

CREATE TABLE `imm_kampus` (
  `id_kom` int(3) default NULL,
  `id_kor` int(3) default NULL
) ENGINE=MyISAM DEFAULT CHARSET=latin1;

--
-- Dumping data for table `imm_kampus`
--

INSERT INTO `imm_kampus` VALUES(0, 1);
INSERT INTO `imm_kampus` VALUES(7, 1);

-- --------------------------------------------------------

--
-- Table structure for table `jabatan`
--

CREATE TABLE `jabatan` (
  `id_jab` int(2) NOT NULL auto_increment,
  `jabatan` varchar(50) NOT NULL default '',
  `ket` varchar(255) NOT NULL default '',
  PRIMARY KEY  (`id_jab`)
) ENGINE=MyISAM  DEFAULT CHARSET=latin1 AUTO_INCREMENT=20 ;

--
-- Dumping data for table `jabatan`
--

INSERT INTO `jabatan` VALUES(1, 'Ketua Umum', '');
INSERT INTO `jabatan` VALUES(2, 'Ketua Bidang Organisasi', '');
INSERT INTO `jabatan` VALUES(3, 'Ketua Bidang Kader', '');
INSERT INTO `jabatan` VALUES(4, 'Ketua Bidang Hikmah', '');
INSERT INTO `jabatan` VALUES(5, 'Ketua Bidang IPTEK', '');
INSERT INTO `jabatan` VALUES(6, 'Ketua Bidang SOSMI', '');
INSERT INTO `jabatan` VALUES(7, 'Ketua Korp IMMawati', '');
INSERT INTO `jabatan` VALUES(8, 'Ketua Korp Instruktur', '');
INSERT INTO `jabatan` VALUES(9, 'Sekretaris Umum', '');
INSERT INTO `jabatan` VALUES(10, 'Sekretaris Organisasi', '');
INSERT INTO `jabatan` VALUES(11, 'Sekretaris Kader', '');
INSERT INTO `jabatan` VALUES(12, 'Sekretaris Hikmah', '');
INSERT INTO `jabatan` VALUES(13, 'Sekretaris IPTEK', '');
INSERT INTO `jabatan` VALUES(14, 'Sekretaris SOSMI', '');
INSERT INTO `jabatan` VALUES(15, 'Sekretaris IMMawati', '');
INSERT INTO `jabatan` VALUES(16, 'Sekretaris Instruktur', '');
INSERT INTO `jabatan` VALUES(17, 'Bendahara Umum', '');
INSERT INTO `jabatan` VALUES(18, 'Wk Bendahara I', '');
INSERT INTO `jabatan` VALUES(19, 'Wk Bendahara II', '');

-- --------------------------------------------------------

--
-- Table structure for table `komisariat`
--

CREATE TABLE `komisariat` (
  `id_kom` int(3) NOT NULL auto_increment,
  `komisariat` varchar(200) default NULL,
  `kampus` varchar(250) default NULL,
  `alamat` text NOT NULL,
  `no_telp` varchar(15) NOT NULL default '',
  `id_kor` int(3) NOT NULL default '0',
  `id_cab` int(3) NOT NULL default '0',
  PRIMARY KEY  (`id_kom`)
) ENGINE=MyISAM  DEFAULT CHARSET=latin1 AUTO_INCREMENT=44 ;

--
-- Dumping data for table `komisariat`
--

INSERT INTO `komisariat` VALUES(1, 'Averroes FT-UMS', 'Univ. Muh. Surakarta', 'Gd F lt 1 kampus II Univ.Muhammadiyah Surakarta', '717417', 1, 3);
INSERT INTO `komisariat` VALUES(2, 'Al Ghozali F.Psy - UMS', 'Universitas Muhammadiyah Surakarta', 'Gd. L lt I kampus II UMS', '(0271)717417', 1, 3);
INSERT INTO `komisariat` VALUES(3, 'Moh. Hatta FE-UMS', 'Universitas Muhammadiyah Surakarta', 'Gd G lt 1 kampus II Universitas Muhammadiyah Surakarta', '0271-717417-241', 1, 3);
INSERT INTO `komisariat` VALUES(4, 'Ibnu Khaldun FGeo-UMS', 'Universitas Muhammadiyah Surakarta', 'Gd I lt I kampus I universitas Muhammadiyah Surakarta', '', 1, 3);
INSERT INTO `komisariat` VALUES(5, 'FH-UMS', 'Universitas Muhammadiyah Surakarta', 'Gd I lt I Kampus I Universitas Muhammadiyah Surakarta', '', 1, 3);
INSERT INTO `komisariat` VALUES(6, 'FKIP-UMS', 'Universitas Muhammadiyah Surakarta', 'Gd B lt II Kampus I Universitas Muhammadiyah Surakarta', '', 1, 3);
INSERT INTO `komisariat` VALUES(7, 'Avicenna Farmasi-UMS', 'Universitas Muhammadiyah Surakarta', 'Gd K lt III kampus I Universitas Muhammadiyah Surakarta', '', 1, 3);
INSERT INTO `komisariat` VALUES(8, 'FIIK-UMS', 'Universitas Muhammadiyah Surakarta', 'Gd A lt II kampus I Universitas Muhammadiyah Surakarta', '', 1, 3);
INSERT INTO `komisariat` VALUES(9, 'Djazman Al Kindi', 'STAIN Surakarta', 'STAIN Surakarta, Kartasura', '', 0, 3);
INSERT INTO `komisariat` VALUES(10, 'Ki Bagus Hadikusuma', 'Universitas Sebelas Maret', 'Belakang UNS', '0271-643903', 0, 3);
INSERT INTO `komisariat` VALUES(11, 'AKPER PKU Solo', 'AKPER PKU Surakarta', 'AKPER PKU Surakarta', '', 0, 3);
INSERT INTO `komisariat` VALUES(12, 'Prof.DR.Hamka', 'Universitas Islam Batik', 'Universitas Islam Batik Surakarta', '', 0, 3);
INSERT INTO `komisariat` VALUES(13, 'Moh. Abduh FAI-UMS', 'Universitas Muhammadiyah Surakarta', 'Gd A lt II Kampus I Universitas Muhammadiyah Surakarta', '', 0, 4);
INSERT INTO `komisariat` VALUES(14, 'Pondok HNS-UMS', 'Universitas Muhammadiyah Surakarta', 'Pondok Hajjah Nuriyah Shobron Universitas Muhammadiyah Surakarta', '0271-725047', 0, 4);
INSERT INTO `komisariat` VALUES(15, 'FKIP-UM.Purwokerto', 'Universitas Muhammadiyah Purwokerto', 'Universitas Muhammadiyah Purwokerto, Purwokerto', '', 4, 8);
INSERT INTO `komisariat` VALUES(16, 'Ekonomi-UM.Purwokerto', 'Universitas Muhammadiyah Purwokerto', 'Universitas Muhammadiyah Purwokerto', '', 4, 8);
INSERT INTO `komisariat` VALUES(17, 'FAI-UM.Purwokerto', 'Universitas Muhammadiyah Purwokerto', 'Universitas Muhammadiyah Purwokerto', '', 4, 8);
INSERT INTO `komisariat` VALUES(18, 'GISTRA-UM.Purwokerto', 'Universitas Muhammadiyah Purwokerto', 'Universitas Muhammadiyah Purwokerto', '', 4, 8);
INSERT INTO `komisariat` VALUES(19, 'Pertafanik UM.Purwokerto', 'Universitas Muhammadiyah Purwokerto', 'Universitas Muhammadiyah Purwokerto', '', 4, 8);
INSERT INTO `komisariat` VALUES(20, 'Keperawatan UM.Purwokerto', 'Universitas Muhammadiyah Purwokerto', 'Universitas Muhammadiyah Purwokerto', '', 4, 8);
INSERT INTO `komisariat` VALUES(21, 'Kesling UM.Purwokerto', 'Universitas Muhammadiyah Purwokerto', 'Universitas Muhammadiyah Purwokerto', '', 4, 8);
INSERT INTO `komisariat` VALUES(22, 'Syari ah STAIN PWT', 'STAIN Purwokerto', 'STAIN Purwokerto', '', 5, 8);
INSERT INTO `komisariat` VALUES(23, 'Tarbiyah STAIN PWT', 'STAIN Purwokerto', 'STAIN Purwokerto', '', 5, 8);
INSERT INTO `komisariat` VALUES(24, 'Dakwah STAIN PWT', 'STAIN Purwokerto', 'STAIN Purwokerto', '', 5, 8);
INSERT INTO `komisariat` VALUES(25, 'D2 STAIN PWT', 'STAIN Purwokerto', 'STAIN Purwokerto', '', 5, 8);
INSERT INTO `komisariat` VALUES(26, 'Soedirman UNSUD', 'Universitas Jendral Sudirman', 'Universitas Jendral sudirman Purwokerto', '', 0, 8);
INSERT INTO `komisariat` VALUES(27, 'Gombong', 'STIKES Kebumen', 'STIKES Kebumen', '', 0, 8);
INSERT INTO `komisariat` VALUES(28, 'Ibnu Sina UNDIP', 'Universitas Diponegoro', 'Kampus Tembalang Universitas Diponegoro', '', 0, 1);
INSERT INTO `komisariat` VALUES(29, 'HAMKA UNNES', 'Universitas Negeri Semarang', 'Gunungpati Universitas Negeri Senarang', '', 0, 1);
INSERT INTO `komisariat` VALUES(30, 'Al Faruqi IAIN-SMG', 'IAIN Walisongo', 'IAIN Walisongo Semarang', '', 0, 1);
INSERT INTO `komisariat` VALUES(31, 'AIS Semarang', 'AIS Muhammadiyah Semarang', 'AIS Semarang', '', 0, 1);
INSERT INTO `komisariat` VALUES(32, 'Asy-Syifa UNIMUS', 'Universitas Muhammadiyah Semarang', 'FKM Universitas Muhammadiyah Semarang', '', 2, 1);
INSERT INTO `komisariat` VALUES(33, 'Al Kindi Fikes UNIMUS', 'Universitas Muhammadiyah Semarang', 'FIKKES Universitas Muhammadiyah Semarang', '', 2, 1);
INSERT INTO `komisariat` VALUES(34, 'Ahmad Dahlan FE-UNIMUS', 'Universitas Muhammadiyah Semarang', 'FE Universitas Muhammadiyah Semarang', '', 2, 1);
INSERT INTO `komisariat` VALUES(35, 'AKZI UNIMUS', 'Akademi Gizi UNIMUS', 'Akademi Gizi Unimus', '', 2, 1);
INSERT INTO `komisariat` VALUES(36, 'ARROZI AA-UNIMUS', 'AAK UNIMUS', 'AAK UNIMUS', '', 2, 1);
INSERT INTO `komisariat` VALUES(37, 'AKPER UNIMUS', 'AKPER UNIMUS', 'AKPER UNIMUS', '', 2, 1);
INSERT INTO `komisariat` VALUES(38, 'Ekonomi UM.Magelang', 'Universitas Muhammadiyah Magelang', 'Universitas Muhammadiyah magelang ', '', 3, 6);
INSERT INTO `komisariat` VALUES(39, 'KIP UM.Magelang', 'Universitas Muhammadiyah Magelang', 'Universitas Muhammadiyah Magelang', '', 3, 6);
INSERT INTO `komisariat` VALUES(40, 'FAI UM.Magelang', 'Universitas Muhammadiyah Magelang', 'Universitas Muhammadiyah Magelang', '', 3, 6);
INSERT INTO `komisariat` VALUES(41, 'Teknik UM.Magelang', 'Universitas Muhammadiyah Magelang', 'Universitas Muhammadiyah Magelang', '', 3, 6);
INSERT INTO `komisariat` VALUES(42, 'Hukum UM.Magelang', 'Universitas Muhammadiyah Magelang', 'Universitas Muhammadiyah Magelang', '', 3, 6);
INSERT INTO `komisariat` VALUES(43, 'AKPER Magelang', 'AKPER Magelang', 'AKPER MAGELANG', '', 0, 6);

-- --------------------------------------------------------

--
-- Table structure for table `korkom`
--

CREATE TABLE `korkom` (
  `id_kor` int(3) NOT NULL auto_increment,
  `korkom` varchar(40) NOT NULL default '',
  `alamat` text,
  `no_telp` varchar(16) NOT NULL default '',
  `id_cab` int(3) default NULL,
  PRIMARY KEY  (`id_kor`)
) ENGINE=MyISAM  DEFAULT CHARSET=latin1 AUTO_INCREMENT=6 ;

--
-- Dumping data for table `korkom`
--

INSERT INTO `korkom` VALUES(1, 'KORKOM UMS', 'Univ. Muhammadiyah Surakarta, jl A. Yani  Kartasura, ', '717417(184)', 3);
INSERT INTO `korkom` VALUES(2, 'KORKOM UNIMUS', 'Universitas Muhammadiyah Semarang', '', 1);
INSERT INTO `korkom` VALUES(3, 'KORKOM UM.Magelang', 'Jl. Tidar No. 21 Magelang 56116', '0293-362082-116', 6);
INSERT INTO `korkom` VALUES(4, 'KORKOM UM.Purwokerto', 'Universitas Muhammadiyah Purwokerto', '', 8);
INSERT INTO `korkom` VALUES(5, 'KORKOM Ahmad Dahlan PWT', 'STAIN Purwokerto', '', 8);

-- --------------------------------------------------------

--
-- Table structure for table `logintime`
--

CREATE TABLE `logintime` (
  `user` varchar(10) NOT NULL default '',
  `tanggal` varchar(10) default NULL,
  `mulai` time default NULL,
  `terhubung` time default NULL,
  `durasi` varchar(10) default NULL,
  `selesai` time default NULL
) ENGINE=MyISAM DEFAULT CHARSET=latin1;

--
-- Dumping data for table `logintime`
--

INSERT INTO `logintime` VALUES('acep', '2009-4-03', '02:41:08', '02:41:08', '0.0184', '02:51:06');
INSERT INTO `logintime` VALUES('"or""="', '2005-12-20', '09:29:57', '09:29:57', '0.0183', NULL);
INSERT INTO `logintime` VALUES('zaidy_basi', '2005-12-25', '08:56:25', '08:56:25', '0.0011', NULL);
INSERT INTO `logintime` VALUES('zaidy_basi', '2005-12-25', '08:57:14', '08:57:14', '0.0472', NULL);
INSERT INTO `logintime` VALUES('noeroel_el', '2006-3-04', '06:13:18', '06:13:18', '0.0097', NULL);
INSERT INTO `logintime` VALUES('noeroel el', '2006-3-04', '06:14:31', '06:14:31', '0.0012', NULL);
INSERT INTO `logintime` VALUES('roel_smart', '2006-3-04', '06:15:17', '06:15:17', '0.0012', NULL);
INSERT INTO `logintime` VALUES('Nestor', '2006-3-15', '03:02:09', '03:02:09', '0.0019', NULL);
INSERT INTO `logintime` VALUES('panglima i', '2006-3-17', '01:40:17', '01:40:17', '0.0415', NULL);
INSERT INTO `logintime` VALUES('panglima i', '2006-3-17', '01:40:58', '01:40:58', '0.0014', NULL);
INSERT INTO `logintime` VALUES('heynie', '2006-4-18', '03:46:16', '03:46:16', '0.0143', NULL);
INSERT INTO `logintime` VALUES('lind', '2006-4-26', '12:39:49', '12:39:49', '0.0026', NULL);
INSERT INTO `logintime` VALUES('dhany_latu', '2006-4-26', '12:38:32', '12:38:32', '0.0029', NULL);
INSERT INTO `logintime` VALUES('ELA', '2006-4-28', '10:25:00', '10:25:00', '0.0015', NULL);
INSERT INTO `logintime` VALUES('iptek_dpdd', '2006-5-02', '12:57:56', '12:57:56', '0.0028', NULL);
INSERT INTO `logintime` VALUES('tsania', '2006-5-23', '01:45:28', '01:45:28', '0.0020', NULL);
INSERT INTO `logintime` VALUES('nia', '2006-5-23', '01:47:56', '01:47:56', '0.0044', NULL);
INSERT INTO `logintime` VALUES('imun', '2006-5-25', '08:40:44', '08:40:44', '0.0019', NULL);
INSERT INTO `logintime` VALUES('tungguh_mu', '2006-5-25', '01:12:06', '01:12:06', '0.0031', NULL);
INSERT INTO `logintime` VALUES('tungguh_mu', '2006-5-25', '01:12:34', '01:12:34', '0.0015', NULL);
INSERT INTO `logintime` VALUES('tungguh_mu', '2006-5-25', '01:15:09', '01:15:09', '0.0009', NULL);
INSERT INTO `logintime` VALUES('tungguh_mu', '2006-5-25', '01:15:10', '01:15:10', '0.0012', NULL);
INSERT INTO `logintime` VALUES('drywerthuq', '2006-6-05', '12:59:17', '12:59:17', '0.0132', NULL);
INSERT INTO `logintime` VALUES('=', '2006-6-05', '12:59:32', '12:59:32', '0.0928', NULL);
INSERT INTO `logintime` VALUES('=\\-\\', '2006-6-05', '12:59:33', '12:59:33', '0.0019', NULL);
INSERT INTO `logintime` VALUES('o''[', '2006-6-05', '12:59:44', '12:59:44', '0.0062', NULL);
INSERT INTO `logintime` VALUES('sutono', '2006-6-09', '04:50:40', '04:50:40', '0.0020', NULL);
INSERT INTO `logintime` VALUES('yuyun', '2006-6-09', '04:51:12', '04:51:12', '0.0019', NULL);
INSERT INTO `logintime` VALUES('waskito', '2006-8-16', '01:24:33', '01:24:33', '0.0005', NULL);
INSERT INTO `logintime` VALUES('rois', '2006-8-23', '12:34:05', '12:34:05', '0.1233', NULL);
INSERT INTO `logintime` VALUES('end_15', '2006-10-04', '10:52:27', '10:52:27', '0.0010', NULL);
INSERT INTO `logintime` VALUES('end_ugm', '2006-10-04', '11:00:04', '11:00:04', '0.2134', NULL);
INSERT INTO `logintime` VALUES('syukron18@', '2006-11-20', '10:03:04', '10:03:04', '0.0229', NULL);
INSERT INTO `logintime` VALUES('syukron18', '2006-11-20', '10:04:10', '10:04:10', '0.0007', NULL);
INSERT INTO `logintime` VALUES('bolkiyah', '2006-11-24', '02:53:29', '02:53:29', '0.0305', NULL);
INSERT INTO `logintime` VALUES('bukhori mu', '2006-12-08', '02:18:58', '02:18:58', '0.0008', NULL);
INSERT INTO `logintime` VALUES('bukhori mu', '2006-12-08', '02:19:00', '02:19:00', '0.0015', NULL);
INSERT INTO `logintime` VALUES('bukhori mu', '2006-12-08', '02:19:02', '02:19:02', '0.0436', NULL);
INSERT INTO `logintime` VALUES('gang_surya', '2006-12-24', '07:19:22', '07:19:22', '0.0012', NULL);
INSERT INTO `logintime` VALUES('gang_surya', '2006-12-24', '07:20:20', '07:20:20', '0.0007', NULL);
INSERT INTO `logintime` VALUES('gang_surya', '2006-12-24', '07:20:42', '07:20:42', '0.0013', NULL);
INSERT INTO `logintime` VALUES('kabid sose', '2007-1-09', '02:28:49', '02:28:49', '0.0012', NULL);
INSERT INTO `logintime` VALUES('dewi trino', '2007-1-09', '02:29:32', '02:29:32', '0.0009', NULL);
INSERT INTO `logintime` VALUES('bukhori mu', '2007-1-11', '10:04:19', '10:04:19', '0.0110', NULL);
INSERT INTO `logintime` VALUES('acepdw', '2008-8-01', '12:54:41', '12:54:41', '0.0015', NULL);
INSERT INTO `logintime` VALUES('solo', '2007-1-18', '10:38:53', '10:38:54', '0.6015', '10:39:24');
INSERT INTO `logintime` VALUES('acepby', '2008-8-01', '12:54:59', '12:54:59', '0.0011', NULL);
INSERT INTO `logintime` VALUES('ace', '2007-1-18', '10:00:17', '10:00:17', '0.0826', NULL);
INSERT INTO `logintime` VALUES('ac3p', '2007-1-18', '10:12:16', '10:12:16', '0.0023', NULL);
INSERT INTO `logintime` VALUES('ac3pby', '2007-1-18', '10:12:50', '10:12:50', '0.0012', NULL);
INSERT INTO `logintime` VALUES('admin', '2007-1-18', '11:12:50', '11:12:50', '0.0014', NULL);
INSERT INTO `logintime` VALUES('aip', '2007-2-13', '05:41:12', '05:41:12', '0.0010', NULL);
INSERT INTO `logintime` VALUES('ali', '2007-2-21', '01:32:01', '01:32:01', '0.0182', NULL);
INSERT INTO `logintime` VALUES('iskandartp', '2007-5-13', '09:44:16', '09:44:16', '0.0453', NULL);
INSERT INTO `logintime` VALUES('Rofik priy', '2007-6-27', '09:19:44', '09:19:44', '0.0018', NULL);
INSERT INTO `logintime` VALUES('opick', '2007-6-27', '09:36:57', '09:36:57', '0.0014', NULL);
INSERT INTO `logintime` VALUES('fairuz', '2007-7-01', '04:35:36', '04:35:36', '0.0015', NULL);
INSERT INTO `logintime` VALUES('afit_susan', '2007-7-22', '11:11:38', '11:11:38', '0.0142', NULL);
INSERT INTO `logintime` VALUES('dicvoice@y', '2007-9-28', '09:20:35', '09:20:35', '0.1422', NULL);
INSERT INTO `logintime` VALUES('dic_voice', '2007-9-28', '09:25:26', '09:25:27', '0.4679', NULL);
INSERT INTO `logintime` VALUES('yusuf', '2007-11-12', '04:44:02', '04:44:02', '0.7493', NULL);
INSERT INTO `logintime` VALUES('F_ISYA@YAH', '2007-12-07', '04:18:03', '04:18:03', '0.0338', NULL);
INSERT INTO `logintime` VALUES('F_ISYA@yah', '2007-12-07', '04:18:41', '04:18:41', '0.0019', NULL);
INSERT INTO `logintime` VALUES('ridwan', '2008-1-12', '01:43:11', '01:43:11', '0.0422', NULL);
INSERT INTO `logintime` VALUES('hady', '2008-1-31', '08:05:40', '08:05:40', '0.0016', NULL);
INSERT INTO `logintime` VALUES('Warsito', '2008-2-28', '05:25:55', '05:25:55', '0.0421', NULL);
INSERT INTO `logintime` VALUES('Alixs', '2008-2-28', '05:51:42', '05:51:42', '0.0015', NULL);
INSERT INTO `logintime` VALUES('RIZKY', '2008-4-22', '06:53:58', '06:53:58', '0.0015', NULL);
INSERT INTO `logintime` VALUES('jateng@imm', '2008-5-03', '06:05:19', '06:05:19', '0.0013', NULL);
INSERT INTO `logintime` VALUES('ifA', '2008-5-14', '07:32:14', '07:32:14', '0.0014', NULL);
INSERT INTO `logintime` VALUES('ana', '2008-5-22', '03:50:35', '03:50:35', '0.0022', NULL);
INSERT INTO `logintime` VALUES('RORIES2YAH', '2008-8-02', '04:37:27', '04:37:27', '0.0012', NULL);
INSERT INTO `logintime` VALUES('RORIES@YAH', '2008-8-02', '04:38:29', '04:38:29', '0.0008', NULL);
INSERT INTO `logintime` VALUES('ysxyv', '2008-8-07', '12:40:56', '12:40:56', '0.0237', NULL);
INSERT INTO `logintime` VALUES('hadi_ngure', '2008-11-06', '06:49:38', '06:49:38', '0.0007', NULL);
INSERT INTO `logintime` VALUES('emet_emet@', '2008-11-26', '05:10:53', '05:10:53', '0.0235', NULL);
INSERT INTO `logintime` VALUES('Emet', '2008-11-26', '05:11:22', '05:11:22', '0.0016', NULL);
INSERT INTO `logintime` VALUES('silamat_el', '2008-11-29', '09:25:24', '09:25:24', '0.0009', NULL);
INSERT INTO `logintime` VALUES('aski prati', '2008-12-03', '03:17:07', '03:17:07', '0.0008', NULL);
INSERT INTO `logintime` VALUES('aski prati', '2008-12-03', '03:17:49', '03:17:49', '0.0006', NULL);
INSERT INTO `logintime` VALUES('thomas dev', '2008-12-10', '06:29:02', '06:29:02', '0.0257', NULL);
INSERT INTO `logintime` VALUES('iklas', '2008-12-17', '12:40:54', '12:40:54', '0.0011', NULL);
INSERT INTO `logintime` VALUES('warno_nowa', '2009-1-06', '08:27:43', '08:27:43', '0.0011', NULL);
INSERT INTO `logintime` VALUES('warno_nowa', '2009-1-06', '08:27:58', '08:27:58', '0.0008', NULL);
INSERT INTO `logintime` VALUES('warno_nowa', '2009-1-06', '08:28:12', '08:28:12', '0.0009', NULL);
INSERT INTO `logintime` VALUES('isti_qorie', '2009-1-23', '02:28:33', '02:28:33', '0.0018', NULL);
INSERT INTO `logintime` VALUES('EMOTION', '2009-1-26', '06:45:20', '06:45:20', '0.0016', NULL);
INSERT INTO `logintime` VALUES('EMOTION ', '2009-1-26', '06:45:20', '06:45:20', '0.0016', NULL);
INSERT INTO `logintime` VALUES('DATOR', '2009-1-30', '05:52:15', '05:52:16', '0.0420', NULL);
INSERT INTO `logintime` VALUES('subiyanto', '2009-2-19', '07:58:41', '07:58:41', '0.0019', NULL);
INSERT INTO `logintime` VALUES('ubibakar06', '2009-2-19', '10:51:10', '10:51:10', '0.0015', NULL);
INSERT INTO `logintime` VALUES('ubibakar06', '2009-2-19', '10:51:36', '10:51:36', '0.0808', NULL);
INSERT INTO `logintime` VALUES('azka', '2009-3-03', '09:39:15', '09:39:15', '0.0279', NULL);
INSERT INTO `logintime` VALUES('NUR TAUFIK', '2009-3-07', '10:57:06', '10:57:06', '0.0010', NULL);
INSERT INTO `logintime` VALUES('pipin', '2009-3-29', '07:04:44', '07:04:44', '0.0134', NULL);
INSERT INTO `logintime` VALUES('pena', '2009-3-29', '11:54:31', '11:54:31', '0.0166', NULL);
INSERT INTO `logintime` VALUES('p3na', '2009-3-29', '11:55:08', '11:55:08', '0.0018', NULL);
INSERT INTO `logintime` VALUES('arin_cahmb', '2009-3-31', '05:32:29', '05:32:29', '0.3462', NULL);
INSERT INTO `logintime` VALUES('arif saifu', '2009-4-04', '11:58:39', '11:58:39', '0.0266', NULL);
INSERT INTO `logintime` VALUES('misa', '2009-4-24', '12:06:31', '12:06:31', '0.0017', NULL);

-- --------------------------------------------------------

--
-- Table structure for table `pelatihan`
--

CREATE TABLE `pelatihan` (
  `id_lat` int(2) NOT NULL auto_increment,
  `latihan` varchar(12) NOT NULL default '',
  `keterangan` text,
  PRIMARY KEY  (`id_lat`)
) ENGINE=MyISAM  DEFAULT CHARSET=latin1 AUTO_INCREMENT=5 ;

--
-- Dumping data for table `pelatihan`
--

INSERT INTO `pelatihan` VALUES(1, 'MASTA', 'Pelatihan awal untuk anggota bukan perkaderan utama');
INSERT INTO `pelatihan` VALUES(2, 'DAD', 'Darul Arqam Dasar adalah perkaderan dasar utama untuk anggota IMM');
INSERT INTO `pelatihan` VALUES(3, 'DAM', 'Darul Arqam Madya adalah perkaderan utama setingkat diatas DAD untuk internalisasi nilai kekaderan dan keorganisasian');
INSERT INTO `pelatihan` VALUES(4, 'DAP', 'Darul Arqam Paripurna adalah perkaderan utama untuk tingkat paripurna sebagai internalisasi nilai dan rekayasa kebangsaaan');

-- --------------------------------------------------------

--
-- Table structure for table `perkaderan`
--

CREATE TABLE `perkaderan` (
  `no_kta` varchar(6) default NULL,
  `id_lat` int(2) NOT NULL default '0',
  `tahun` varchar(4) NOT NULL default ''
) ENGINE=MyISAM DEFAULT CHARSET=latin1;

--
-- Dumping data for table `perkaderan`
--

INSERT INTO `perkaderan` VALUES('3', 2, '2000');
INSERT INTO `perkaderan` VALUES('3', 3, '2002');
INSERT INTO `perkaderan` VALUES('3', 4, '2003');
INSERT INTO `perkaderan` VALUES('4', 1, '2000');
INSERT INTO `perkaderan` VALUES('4', 2, '2000');
INSERT INTO `perkaderan` VALUES('4', 3, '2002');
INSERT INTO `perkaderan` VALUES('4', 4, '2004');
INSERT INTO `perkaderan` VALUES('5', 1, '2001');
INSERT INTO `perkaderan` VALUES('5', 2, '2001');
INSERT INTO `perkaderan` VALUES('5', 3, '2005');
INSERT INTO `perkaderan` VALUES('2', 3, '2004');
INSERT INTO `perkaderan` VALUES('1', 3, '2005');
INSERT INTO `perkaderan` VALUES('1', 2, '2000');
INSERT INTO `perkaderan` VALUES('1', 1, '2000');

-- --------------------------------------------------------

--
-- Table structure for table `pimpinan`
--

CREATE TABLE `pimpinan` (
  `id_ang` int(4) NOT NULL default '0',
  `id_jab` int(2) NOT NULL default '0',
  `periode` varchar(15) NOT NULL default '',
  `id_kom` int(3) NOT NULL default '0',
  `id_kor` int(3) NOT NULL default '0',
  `id_cab` int(3) NOT NULL default '0',
  `id_dpd` int(2) NOT NULL default '0',
  PRIMARY KEY  (`id_ang`)
) ENGINE=MyISAM DEFAULT CHARSET=latin1;

--
-- Dumping data for table `pimpinan`
--


-- --------------------------------------------------------

--
-- Table structure for table `polling`
--

CREATE TABLE `polling` (
  `pid` int(11) NOT NULL auto_increment,
  `pjudul` varchar(255) NOT NULL default '',
  `ppilihan` varchar(255) NOT NULL default '',
  `pjawaban` varchar(255) NOT NULL default '',
  PRIMARY KEY  (`pid`)
) ENGINE=MyISAM  DEFAULT CHARSET=latin1 AUTO_INCREMENT=2 ;

--
-- Dumping data for table `polling`
--

INSERT INTO `polling` VALUES(1, 'Kegiatan apa yang paling anda sukai di IMM', ' Diskusi Kemahasiswaan#Bedah Buku#Kajian Agama#Kajian Filsafat#Kajian Budaya', '11#9#5#8#3');

-- --------------------------------------------------------

--
-- Table structure for table `tekstopik`
--

CREATE TABLE `tekstopik` (
  `ttid` int(11) NOT NULL auto_increment,
  `tid` int(11) NOT NULL default '0',
  `fid` int(11) NOT NULL default '0',
  `pengirim` varchar(30) default NULL,
  `teks` text,
  PRIMARY KEY  (`ttid`)
) ENGINE=MyISAM  DEFAULT CHARSET=latin1 AUTO_INCREMENT=2 ;

--
-- Dumping data for table `tekstopik`
--

INSERT INTO `tekstopik` VALUES(1, 1, 1, 'acep', 'apa sih arti kader itu kok kita harus jadi kader? and gimana caranya biar jadi kader yang baik itu?');

-- --------------------------------------------------------

--
-- Table structure for table `topik`
--

CREATE TABLE `topik` (
  `tid` int(11) NOT NULL auto_increment,
  `fid` int(11) NOT NULL default '0',
  `tjudul` varchar(255) default NULL,
  PRIMARY KEY  (`tid`)
) ENGINE=MyISAM  DEFAULT CHARSET=latin1 AUTO_INCREMENT=2 ;

--
-- Dumping data for table `topik`
--

INSERT INTO `topik` VALUES(1, 1, 'Pengertian Kader');
